est common factor of p and 40?
10
Let n = -47 + 47. Suppose -16*j + 155 + 165 = n. What is the greatest common factor of 50 and j?
10
Let t(q) be the second derivative of q**4/12 - 2*q**3/3 - q**2 + 28*q. Let k be t(5). Calculate the highest common factor of 9 and k.
3
Let w be (-7)/(-28*2/16). What is the highest common factor of 11 and w?
1
Suppose 0 = 5*r + 2*n - 356, 4*n = -0*n - 8. Suppose -5*s + 4*d = -290, 3*d - 201 = 31*s - 35*s. Calculate the greatest common divisor of r and s.
18
Let u be 5*1*27/1. Suppose 2*c = -0*c + 6. Suppose -11*a = -c*a - 120. Calculate the highest common factor of a and u.
15
Let u be (-37)/(-7) + 4/(-14). Suppose u*n - 39 = 66. What is the greatest common divisor of 168 and n?
21
Suppose -24*d + 15418 = 1954. What is the greatest common factor of d and 66?
33
Suppose 0 = y - 5*k - 47, 23*y = 28*y + 5*k - 145. What is the highest common divisor of y and 64?
32
Suppose 4*y + 2*r + 77 + 11 = 0, -4*y - 76 = -4*r. Let v be -4 - (y - (4 - 3)). What is the highest common divisor of 36 and v?
18
Let l(i) = 32*i - 3. Let y be l(3). Suppose 0 = d - 3. Suppose -3*m + 3*x + y = 0, d*m = -2*m - 4*x + 200. What is the highest common factor of 9 and m?
9
Suppose 15*n = 13*n + 356. Suppose 5*j - n = 47. Let i(d) = -d**2 - 4*d + 1. Let w be i(-2). Calculate the greatest common divisor of j and w.
5
Suppose -4*z - 6 = -14. Let m(v) = 4*v - 4*v**z + 3*v**3 - 2*v**3 - 2*v. Let c be m(4). Calculate the highest common divisor of c and 8.
8
Let f(t) be the second derivative of -t**5/20 - 5*t**4/6 + 5*t**2 - 14*t. Let i be f(-10). What is the highest common divisor of i and 30?
10
Suppose -6 = 2*v - 2. Let y be v*(-3)/(-6) + 49. Suppose y = 7*q - 4*q. Calculate the greatest common factor of 80 and q.
16
Let i be ((-108)/(-21))/(-3)*56/(-16). Let p be 40/i*9/6. What is the greatest common factor of 30 and p?
10
Let w = -387 + 428. Calculate the greatest common divisor of 123 and w.
41
Suppose -16*h + 134 = -186. Calculate the greatest common divisor of h and 25.
5
Suppose 124*m - 784 = 122*m. What is the greatest common divisor of 8 and m?
8
Let m be (-30)/(-2*(8 - 7)). Let k = 103 - -32. Calculate the highest common factor of k and m.
15
Let n(s) = -1 + 8*s - s - 9*s**3 - 2*s**2 - 9*s. Let z be n(-1). Suppose 5*c = z*c - 45. What is the greatest common factor of c and 3?
3
Suppose -12*a - 7*a = -76. Suppose a*p = -3*d + 80, -6*d = -p - 2*d + 20. Calculate the highest common divisor of 5 and p.
5
Suppose -3*f + 26 = -46. Let o(d) = -37*d**3 + 3 - 2*d**2 + d - 1 + 3*d**3. Let u be o(-2). What is the highest common factor of f and u?
24
Let i(n) = 3*n**2 - 2*n + 12. Let s be i(4). Calculate the highest common divisor of s and 12.
4
Suppose 8*w + w = 288. Let t = -28 + w. Calculate the highest common factor of 36 and t.
4
Let i be (7/(-1))/(5 + -6). Suppose 69 - i = -2*p. Let r = p - -83. What is the greatest common divisor of 13 and r?
13
Suppose -2*o - 96 = -14*o. Calculate the greatest common divisor of 144 and o.
8
Suppose -4*i - 3542 = -2*s, -2*i = -0*i + 2*s + 1786. Let w be i/(-28) - (-2)/7. Calculate the greatest common factor of 8 and w.
8
Suppose p = -5*g + 234, 4*g + 895 + 275 = 5*p. What is the highest common divisor of p and 18?
18
Let i be 2/((-3)/((-15)/2)). Suppose -4*f - 72 = 4*u, i*f + 7 = 5*u + 97. Let t = u + 22. Calculate the highest common factor of t and 44.
4
Suppose 23*s - 3*l + 132 = 25*s, -l + 184 = 3*s. Calculate the highest common factor of s and 84.
12
Suppose 0 = -5*i - 3*s + 61, -s - 5 = i - 18. Calculate the greatest common factor of 55 and i.
11
Suppose 0 = -4*w - p + 43, 9*w - 2 = 8*w - 2*p. Calculate the greatest common factor of w and 2388.
12
Let t = -77 + 216. Suppose 0 = 4*v - t + 15. What is the highest common factor of v and 31?
31
Suppose 5*j - 13 = 7. What is the highest common factor of 244 and j?
4
Let z = -878 + 1229. Let x(l) = 38*l**2 + 3*l + 4. Let w be x(-1). What is the greatest common divisor of z and w?
39
Let t be (284/6)/(58/18 + -3). Suppose t = 7*r - 291. What is the greatest common divisor of r and 18?
18
Suppose -4*o = 5*c - 7*o - 129, -4*c + o = -106. Let k(u) = -u**3 + 1. Let q be k(-2). What is the greatest common divisor of q and c?
9
Let d(v) = -3*v**3 + 3*v**2 + v + 119. Let b be d(0). Calculate the highest common divisor of 49 and b.
7
Suppose -a + 2*a - 620 = -k, 0 = -3*k - 3. What is the greatest common divisor of a and 23?
23
Suppose -3*z - 2*z = 3*p - 6, z - 2*p = -4. Let g be (z - 22/(-8))*12. Let d = 22 - 19. Calculate the greatest common divisor of g and d.
3
Let n(k) = 33*k + 5. Let w be n(1). Calculate the highest common divisor of w and 703.
19
Let d(p) = -4*p - 4. Let s be d(-8). Let y(l) = 173*l + 1. Let q be y(2). Suppose -4*k + 82 = i, i - k - q = -4*i. What is the highest common factor of i and s?
14
Let b = 208 + -98. Suppose -22*d + b = -17*d. Calculate the highest common divisor of d and 55.
11
Let u(x) = x + 4. Let c be u(8). Suppose c = -2*h - h, 72 = 3*n + 3*h. Suppose -p = -3*p + 28. What is the highest common divisor of n and p?
14
Let z(u) = -2*u**3 - 2*u**2 + 2. Let n be z(-2). Suppose -i + n = -10. Let m = -15 + i. What is the greatest common factor of 5 and m?
5
Let m = 36 - 25. Let z = m - 7. Suppose -2*d + 4 = 2. Calculate the greatest common divisor of d and z.
1
Let m(v) = -2*v**3 + v**2 + 3*v - 3. Let y be m(1). Let q(r) = -29*r**3 - r**2 - 2*r. Let x be q(y). What is the greatest common divisor of x and 30?
30
Let j be (-10)/5 - (1 + -2 - 1). Suppose j = 3*w - 5*i + 4, w - 6*w + 6 = -2*i. What is the highest common factor of 5 and w?
1
Let s be 2/6 - 120/36. Let b be 7 - (s - (4 + -8)). Calculate the highest common divisor of 54 and b.
6
Let c be (-68)/(-20) + 4/(-10). Suppose -b = -c*b + 36. Let r = 50 + 22. Calculate the greatest common divisor of r and b.
18
Let f(v) = v**3 + 2*v**2 - v + 4. Let b be f(-3). Let a(m) = -16*m - 2. Let u be a(b). Let l = -9 + 19. Calculate the greatest common divisor of l and u.
10
Let y(u) = -17*u - 60. Let p be y(-4). Let l be (8/6)/(2/96). Calculate the greatest common factor of p and l.
8
Suppose 2*j - 5 = 1. Suppose 5*l - j*k = 93 + 47, 5*l = -3*k + 140. Suppose l = -3*h + 4*h. Calculate the highest common divisor of h and 224.
28
Let y(f) = 8*f**2 + 2*f + 2. Let j be y(3). Suppose 0 = -0*z - 9*z + 9. Let i be -19 + 36 + -2 + z. What is the highest common divisor of j and i?
16
Let o be (-6)/(-4)*(-1 - -11). Suppose -4*w + 10 = 2*z, w - 4*z = -2*z + 10. Let m be 2 - 3*w/(-12). What is the greatest common factor of m and o?
3
Let g = 33 - 9. Suppose 0 = -r - r + g. Suppose 15 = 2*o + 3*o. What is the greatest common divisor of o and r?
3
Let i(p) = -98*p**3 + 3*p**2 - 2*p - 4. Let r be i(-1). Calculate the highest common divisor of 36 and r.
9
Let r = -374 - -577. Calculate the highest common factor of 7 and r.
7
Suppose -46 + 4 = -2*n. Suppose 4*p + 36 = -3*u - 272, 4*p - 3*u = -284. Let t = 221 + p. Calculate the highest common factor of t and n.
21
Let j be 24/14 - 10/(-35). Suppose 0 = -j*u + 65 + 55. Let i(b) = -b**2 + 10*b - 1. Let y be i(5). Calculate the highest common divisor of y and u.
12
Let g be (3 + -1)/((-22)/77). Let c be (147/(-6))/g*2. Suppose 0*k - 105 = -5*k. What is the greatest common factor of k and c?
7
Suppose -h - 8 = -4*f, 5*f - 5*h = 1 + 9. Suppose 120 = u + f*u. Let n be 1*-32*5/(-10). Calculate the highest common divisor of n and u.
8
Suppose -3*n = o - 43, n - 6*o = -o + 41. Calculate the highest common divisor of n and 136.
8
Suppose -2*s = -0*s - 80. Let p(w) = 5*w**2 - 5*w - 5. Let l be p(-1). What is the highest common factor of s and l?
5
Suppose 0 = -92*i + 5024 + 496. What is the greatest common divisor of i and 44?
4
Suppose 4*k - 172 = 32. Let r = -21 + k. Let i = r + -25. Calculate the highest common factor of i and 25.
5
Suppose 5*k = -2*n + 4*n - 100, 4*n = -2*k + 176. Let t = n + -30. Calculate the highest common factor of 15 and t.
15
Suppose -2*x + 176 = -56. What is the greatest common factor of 406 and x?
58
Let m(x) = 2*x**3 + x**2 - 5*x. Let h(s) = -5*s**3 - 2*s**2 + 11*s. Let u(g) = 3*h(g) + 7*m(g). Let y be u(-3). What is the greatest common factor of 105 and y?
21
Let p be ((-4)/(-6))/((-2)/(-24)). Let c = 709 - 689. What is the greatest common